t is the remainder when 13319 is divided by (-6 + ((-168)/10)/(-3))/(1/(-300))?
119
Suppose -6567 = -12*t + 5301. What is the remainder when t is divided by 251?
236
Suppose 0 = -601*i + 555*i - 2668. Let g = 144 + -84. Let q = g + i. What is the remainder when 5 is divided by q?
1
Let h(a) = a**2 - 117*a + 497. Calculate the remainder when 167 is divided by h(4).
32
Suppose -3*q + 112 = 2*v, 0*q - 3*v = q - 28. Let s = 43 - q. Suppose 431 + s = 7*i. What is the remainder when i is divided by 32?
30
Let z(c) = -c**3 + 15*c**2 - c - 3. Let t be z(15). What is the remainder when 44 is divided by -6*(-6)/t*-4?
4
Let q = 8 + -5. Suppose -4*y = x - 5 - 6, q*x - 33 = -3*y. Suppose 0 = -x*d - 206 + 789. Calculate the remainder when d is divided by 8.
5
Let z(l) = -2677*l**2 + 13400*l + 6. Let b = 988 - 506. What is the remainder when b is divided by z(5)?
77
Let s(u) = -u**3 + 19*u**2 - 16*u - 33. Let q be s(18). Let l = q - -11. What is the remainder when -6 + (7 + -5)*14 is divided by l?
8
Suppose -42*i + 1188 = -27*i + 33. What is the remainder when 256 is divided by i?
25
Calculate the remainder when (-127983)/(-555) - (-14)/10 is divided by 45.
7
Let t be -3 + 1 + -3*30/45. Let x(v) = 0*v - 4*v - 2*v**2 + 5 + 3*v**2. What is the remainder when x(t) is divided by 10?
7
Let q = 28 - 28. Suppose 4*b - 2*h + 46 - 16 = 0, q = 3*h - 3. Calculate the remainder when (b/(-14))/(1/22) is divided by 7.
4
Let l(m) = -7 + 5*m**2 + 4*m**2 - 17*m**3 + 18*m**3 + 5*m. Calculate the remainder when 712 is divided by l(-8).
15
Suppose 36*i - 14384 - 7720 - 50184 = 0. What is the remainder when i is divided by 653?
49
Let u = 71067 - 71049. Let q(l) = 5*l**3 + 2*l**2 - l. Calculate the remainder when q(2) is divided by u.
10
Suppose 4*b + 2*w + 5 - 27 = 0, 0 = 2*b - w - 17. Suppose -i = b - 28. Suppose 1052*x - 14577 - 32309 = 15182. What is the remainder when x is divided by i?
17
Let c(k) = -k**2 - 24*k + 14. Let q(f) be the first derivative of f**3/3 + 5*f**2 - 24*f + 32. Let w be q(-10). What is the remainder when c(w) is divided by 5?
4
Let t(u) = -16*u + 301. Let s be t(-15). Let h = -532 + s. What is the remainder when h is divided by 9?
0
Let s(i) = -3*i - 1. Let x be s(-2). Suppose -25 = -x*a, a = -2*y + 3*a + 310. Suppose 0 = 11*n - 13*n + y. What is the remainder when n is divided by 27?
26
Suppose -j - 15*w + 12*w + 17 = 0, -5*j = -5*w - 105. Suppose z - 70*q = -74*q + 41, 4*q - j = 0. Calculate the remainder when z is divided by 8.
5
Let k(d) = -3*d. Suppose -28*c - 119 = -32*c - w, -2*w + 145 = 5*c. Calculate the remainder when c is divided by k(-6).
13
Let i = -105 - -101. Let d(y) = -y**3 + 2*y**2 + 7*y - 9. Calculate the remainder when d(i) is divided by 51.
8
Let m be 3 + (3 - 0 - 2). Suppose 3*q = -4*c + 4*q + 144, -m*q + 90 = 2*c. What is the remainder when c is divided by 19?
18
Calculate the remainder when (-3131)/(-3)*(-9)/(-2)*(-192)/(-288) is divided by 223.
9
Suppose -27 = -6*j + 3. Suppose o - q - 126 = 526, j*o - 3262 = 4*q. Suppose -9*d + o = -3*d. What is the remainder when d is divided by 11?
10
Calculate the remainder when (-6 + 13112/(-32) - 0)*-4 is divided by 111.
109
Let c = -14 + 21. Suppose -3800*o = -3815*o + 660. What is the remainder when o is divided by c?
2
Let o be -1 + 380/(9 - 4). Let x be o - (4 - (3 - 2)). Suppose 2*f + 3*d - 189 = -3*f, 0 = -2*f - 3*d + x. Calculate the remainder when f is divided by 14.
11
Let c = -4579 + 4610. Calculate the remainder when 182 is divided by c.
27
Let x = -18502 - -19119. Calculate the remainder when x is divided by 291.
35
Suppose 8*i - 18 = 2*i. Suppose -52 = -5*u + i*f, 2*u - f = 7*u - 56. Calculate the remainder when 43 is divided by u.
10
Let r(k) = 68*k - 248. Let i be r(4). What is the remainder when i/(-16) - (-1114)/4 is divided by 35?
32
Let s = 5050 + -3241. What is the remainder when s is divided by 3?
0
Suppose 0 = -5*j - j + 30, -4*r + 189 = 5*j. Calculate the remainder when 359 is divided by r.
31
Let j = 9612 - 8782. Calculate the remainder when j is divided by 2.
0
Let x(u) = 13*u - 5. Suppose -3*q = 5*z - 5, -3 = -z - 2*z + q. Suppose 126 + 22 = 4*d. What is the remainder when d is divided by x(z)?
5
Suppose 3*d + 285 = 3*j, -4*j = -3*j - 5*d - 91. Let v(a) = 87*a - 595. What is the remainder when j is divided by v(7)?
12
Let l = -316 - -619. Suppose 129 + l = 9*u. Calculate the remainder when -2 + u + -2 + -3 is divided by 11.
8
Suppose 75 - 53 = 2*m. What is the remainder when 142 is divided by ((-85)/10)/(m/(-22))?
6
Let f be (6/4)/((-129)/(-21328)). Calculate the remainder when 20/(-16)*(0 - f) is divided by 39.
37
Suppose 0 = -7*i + 2494 + 5451. What is the remainder when i is divided by 3?
1
Let u = 19479 - 6862. What is the remainder when u is divided by 21?
17
Let a = -10469 + 10673. Suppose 7 = w + 4*g, -6*w - g + 23 = -10*w. Calculate the remainder when a is divided by (123/(-15))/(1/w).
40
Let n(c) = -c - 3. Let i be n(-7). Suppose 2*d = -f - f, 3*d + i*f = -3. Calculate the remainder when d + (-2 - (-35 - -4)) is divided by 17.
15
Let a = 30 - 17. Calculate the remainder when (88/(-7))/(48/(-168)) is divided by a.
5
Let t be (-2)/2 - (-6 + -3 + 6). Suppose -5*w + t*w + 359 = 5*x, -3*x + 239 = 2*w. Calculate the remainder when w is divided by 8.
6
Let f(h) = -3*h**3 - 5*h**2 + 15*h - 6. Let s be f(-6). Let r = s + -257. What is the remainder when r is divided by 29?
28
Suppose -u + 2*h = -92, 5*u - 2*h = -129 + 557. What is the remainder when 108 is divided by u?
24
Let t = 34625 + -33389. What is the remainder when t is divided by 375?
111
Let p = -195 - -434. Suppose -5*i + 4*l - l = -302, p = 4*i - 5*l. What is the remainder when i is divided by 18?
7
Suppose 20*r = 7*r + 13. What is the remainder when 40 is divided by 1*5*(0 + r)?
0
Let z(g) = 4*g**2 + 10*g - 23. Suppose -38*w - 6 = -40*w + 4*r, 0 = -2*w + r + 9. What is the remainder when z(w) is divided by 5?
2
Let t = 3 + 19. Let u be (128/(-6))/(t/(-297)). Suppose -12*i = -0*i - u. Calculate the remainder when i is divided by 10.
4
Let f = 417 - 409. Calculate the remainder when 37 is divided by f*(-7)/(-42)*6.
5
What is the remainder when ((-9621)/27 - -2)/(5/(-30)) is divided by 133?
131
Suppose -104 = -5*y - 5*g + 111, 0 = -y + 2*g + 52. Calculate the remainder when 1469 is divided by y.
43
Suppose -152 = -3*i - 2*s + 263, s = 5*i - 657. What is the remainder when 1288 is divided by i?
91
Let x be 2*-27 - (-1 - 3). Let z = -38 - x. Suppose -5*k + 5 = 0, 3*n - 2*k - z - 7 = 0. Calculate the remainder when n is divided by 3.
1
Suppose -1195 = -5*l + 42*f - 43*f, 5*f = 5*l - 1195. Calculate the remainder when 597 is divided by l.
119
Suppose -32 = -4*x + 2*t, 0 = 4*x - 3*t + 6*t - 42. Calculate the remainder when 382 is divided by x.
4
Let t be (-10)/(-45) + 8365/63. Suppose 0*v = -5*v + 2*o + t, 3*v = -2*o + 67. What is the remainder when v is divided by 9?
7
Suppose 8*v - 14*v = -10*v. Suppose 0 = 5*g + 3*j - 110, j + 3*j = v. Calculate the remainder when 436 is divided by g.
18
Suppose 0 = 16*j - 20 - 60. Suppose -5*o = -c + 193 - 71, -j*o = 4*c - 513. What is the remainder when c is divided by 43?
41
Suppose -4*p + 26 = -5*a + 6, 3*a + 20 = 4*p. Suppose 5*f - 3*t + 8*t - 1000 = a, t = 5*f - 988. Calculate the remainder when f is divided by 51.
45
Let n = -716 - 33. Let i = -697 - n. Calculate the remainder when i is divided by 8.
4
Suppose 4*w - 110 = -266. Suppose v = o - 5, -3*o = -0*o + 9. Let n = v - w. Calculate the remainder when n is divided by 17.
14
Suppose -2*o = 4*a - 86, 4*o + 0*o - 4*a - 184 = 0. Suppose -34*c + 33*c = -68. Calculate the remainder when o is divided by (-4)/(-14)*(-12 + c).
13
Let l = 142 + -143. Calculate the remainder when 25 is divided by (-2 + (-14)/6)/(l/3).
12
Suppose 2*m = w - 2*w + 3018, m - 3*w - 1495 = 0. What is the remainder when m is divided by 54?
49
Let m = 14754 + -14724. What is the remainder when m is divided by 18?
12
Calculate the remainder when 304 is divided by (-87 + (-16)/(-12)*3/2)/(-1).
49
Suppose -122*w = -212*w + 6120. What is the remainder when 411 is divided by w?
3
Let i be ((-21)/6 - -3)*(-1 - 127). Let j = 86 + i. Suppose -5*u + 135 = l, -5*u - 3*l = l - j. Calculate the remainder when 44 is divided by u.
18
Suppose 3*m = 124 + 